= -4*y - 5*w, -y + 4*w - 30 = -6*y. Let g(j) = j + 1. Let a(c) = 3*c + 14. Let t(x) = -a(x) + 4*g(x). Calculate t(y).
-4
Let y(m) = m - 1. Let b(t) = 4*t - 1. Let j be b(-1). Calculate y(j).
-6
Let h be (-1)/(-3) + 10/(-3). Let b(w) be the second derivative of 5/2*w**2 - 4*w + 1/6*w**3 + 0. Determine b(h).
2
Let n(m) = -8 + m**2 + 8 - 2 - 2*m**2. Determine n(-4).
-18
Let q(b) = -6 - 4*b**2 + 8*b**2 - 11*b**2 + 0 + b**3 + 8*b. Calculate q(6).
6
Let h be ((3 - 2) + 3)*3/(-12). Let u(z) = 15*z + 1. Calculate u(h).
-14
Let m(p) = -4*p**2 - 2*p - 1. Suppose 4*w + 3*z + 16 = 0, 5*w + z = -4 - 5. Determine m(w).
-3
Let t(y) be the second derivative of -y**7/840 - y**6/90 + y**5/20 + y**4/4 - y**3/6 + 2*y. Let p(h) be the second derivative of t(h). Let c = 0 - 5. Give p(c).
1
Let n(w) be the first derivative of -w**3/3 - 3*w**2 + 18. What is n(-6)?
0
Let g(u) = 257*u + 0*u**3 + u**2 + 2 + u**3 - 256*u. Determine g(0).
2
Suppose 2*o - o = -2. Let c(x) = x**3 - x**2 - 1. Let r(y) = -5*y**3 + 10*y**2 + 4*y + 8. Let p(w) = 6*c(w) + r(w). Determine p(o).
2
Let n = -7 + 10. Let c(v) = -1 - 9*v - n*v + 2*v**2 + 12*v. Give c(2).
7
Let z(p) be the first derivative of p**4/4 + 5*p**3/3 - 3*p**2 + p - 3. Give z(-6).
1
Let i(z) = 4*z - 2. Let f(t) be the second derivative of -7*t**3/6 + 2*t**2 - 2*t. Let w(q) = -3*f(q) - 5*i(q). Calculate w(0).
-2
Let h(f) = -f**2 + 8*f - 6. Let m be h(6). Let r(q) = q**2 - 3*q - 5. Give r(m).
13
Let g = -7 - -10. Let n(f) = 2*f**2 - f - 1. Let m be n(-1). Let l(z) = -z - 4*z**3 + z**m + 2 + 0*z - g. What is l(-1)?
5
Let k(o) = -5*o**2 + 1 - o**3 - 3 - 3 + 2. Suppose -2*d + 4*h = -30, 2*d - 3*h - 34 = -0*d. Suppose -2*c = -3*x - d, -5*c = x - 2 - 13. Determine k(x).
-3
Let y(m) = 2*m**3 - 2*m**2 + 5 + m - 3 - m**3. Suppose -15 = -3*d - 9. What is y(d)?
4
Suppose 5*s + 20 = s - d, 20 = -4*s + 3*d. Let c(g) = 3*g + 7. What is c(s)?
-8
Let u be -8*((-11)/2 + 5). Let p(h) = -h**3 + 4*h**2 - 5. Calculate p(u).
-5
Let w(y) = -4 - 4*y**2 + 0*y**2 + 0*y**3 + y**3 + 7*y**2 - 5*y. Calculate w(-3).
11
Let o(u) = -6*u - 1. Let w(m) = 7*m. Let v(y) = 3*o(y) + 2*w(y). Give v(-5).
17
Let u(v) be the second derivative of v**4/2 - v**3/6 + 3*v. Give u(1).
5
Let s be (-145)/45 - (-4)/18. Let v(n) = n**3 + 3*n**2 + n + 1. Determine v(s).
-2
Let u(q) = q. Suppose 3*f - 7*f - 3*w = 1, 2*w = 4*f - 14. What is u(f)?
2
Let c = -3 - -5. Let n(b) = 5*b**c + 4 + 3*b - 2*b - 6*b**2. Suppose 5*v - 4*v = 0. Determine n(v).
4
Let d(s) = -s**2 - 3*s - 2. Suppose 3*g + 7 = 16. Suppose -4*r - r - g*z = 30, 3*r - 5*z = 16. What is d(r)?
-2
Let o(q) = 2*q + 4. Suppose -w + 8 = -3*t + t, -4*w + 8 = 0. Let h = 6 + t. Determine o(h).
10
Let w(c) be the first derivative of c**3/3 - 4*c**2 - 12*c - 27. What is w(10)?
8
Let u(q) = q + 7. Let n be u(-6). Let a(s) = -11*s**3 + s**2 - s + 1. Calculate a(n).
-10
Let g = 23 - 5. Suppose -4*t + 2*n = -3*n - 47, 3*t + 2*n - g = 0. Suppose -t + 3 = -3*z + 2*h, 0 = -3*h + 6. Let y(u) = -u**2 + 2*u + 2. Calculate y(z).
-1
Let w(h) = 2*h**3 - h**2 + h. Suppose -5*l + 6 = 3*g - 2*g, 0 = 3*l - 3*g. What is w(l)?
2
Let r be 5 + 0 + (-1)/1. Let w(d) = -1 + 3*d**2 - d - 2*d**3 - r*d**2 + d**3. Determine w(0).
-1
Suppose 2*z + 24 = -4*h, z + 3*h + 11 = -5. Let f(d) = d**3 + 5*d**2 + 3*d. What is f(z)?
4
Suppose 5*o + 17 + 18 = 0. Let k(y) = -y - 10. Give k(o).
-3
Let m(i) = -6*i + 7. Let b(a) = -a + 1. Let j(w) = -5*b(w) + m(w). Let u = 4 - 0. Let r = -9 + u. What is j(r)?
7
Let j(u) be the first derivative of -u**2 + 6 + u + 1/3*u**3. Calculate j(3).
4
Let n(k) = -k**2 + 5*k - 3. Suppose -3*p + 3*g - 45 = 3, 0 = 3*p - 4*g + 51. Let i = p - -19. Calculate n(i).
-9
Suppose 4 = -p + 9. Let s(w) = w - 5*w + 3 + p*w. Let l be (-10)/4 - 2/4. Determine s(l).
0
Suppose -10 - 2 = -4*q. Let r(h) = 7 + 4*h**2 - h - q*h**2 + 1. Determine r(0).
8
Let j(u) = -u + 7. Suppose 3*g + 2*m - 7 = 0, -14 = -2*g + 4*m + 12. Determine j(g).
2
Let k(y) = 5*y - 49. Let q be k(10). Let d(w) = -9*w**2 - 2*w + w**2 + 3*w. What is d(q)?
-7
Let v(f) = f**2 - 6*f + 7. Suppose -9 = 2*m - q - 23, 4*q + 1 = -3*m. Give v(m).
2
Let g(i) = -7*i - 2. Let l(y) = 413*y + 119. Let r(f) = -357*g(f) - 6*l(f). What is r(1)?
21
Suppose -10 = -5*y, 4*d - 4*y + 2*y + 4 = 0. Let i be d/(-3)*-1 + 2. Let l(p) = i*p - 4*p + 5 - 1. Calculate l(5).
-6
Let o(g) = -11 + 7 + g**2 - 2 - 7*g. Calculate o(7).
-6
Let y = 23 - 20. Suppose y - 7 = 2*r. Let j(l) = -3*l**2 - 2*l + 2. Give j(r).
-6
Let h(j) = -j**2 - 6*j - 4. Let a(d) = -d - 15. Let n(p) = 2*p + 29. Let b(r) = -7*a(r) - 4*n(r). Let f be b(-8). Let u = f + -1. What is h(u)?
4
Let y(k) = -k**2 - k**2 + 3*k**2. Suppose -2*l + 4*n = 8, -n + 6 + 1 = -3*l. Let w be (-1 - l)*1 - 1. Give y(w).
0
Let x = 36 + -36. Let r(o) = -7*o + 6. Let d(k) = -k. Let u(q) = -6*d(q) + r(q). What is u(x)?
6
Let p(t) = -t**3 + 5*t**2 - 2*t + 7. Suppose 4*d - 20 = -0*d. Determine p(d).
-3
Let j(k) = 0*k + k**3 - 3 - 3*k**2 - k**2 + k. Let a(r) be the first derivative of r**2/2 + 4*r + 2. Let x be a(0). Give j(x).
1
Let m(x) be the third derivative of x**5/40 - 5*x**4/24 + 2*x**3/3 - 2*x**2. Let i(v) be the first derivative of m(v). What is i(4)?
7
Suppose 4*w = w + 18. Let h(a) = a + 5 - 3 - 1 + w*a**2 + a. Determine h(-1).
5
Let u(k) = -k**3 - 4*k**2 - 3*k - 2. Let v be u(-3). Let j(o) = -3*o**2 - 3*o - 1. Give j(v).
-7
Let i = 325 - 326. Let u(g) be the third derivative of 7*g**5/60 - g**4/24 - g**3/6 - g**2. Calculate u(i).
7
Let z(r) = 5*r + 9. Let m(q) = -q - 2. Let u(b) = 9*m(b) + 2*z(b). Let n = 24 + -30. Give u(n).
-6
Let f(p) = p**3 - p. Suppose -s = c - 4*s + 14, 3*s - 20 = 4*c. Determine f(c).
-6
Let l(s) be the second derivative of s**4/12 - 5*s**3/6 - s**2 + 6*s. Calculate l(5).
-2
Let c = 3 - 1. Suppose 0 = -3*x + 2*b + 30, 3*x - 50 = -2*x + c*b. Let a(l) = -x*l + 9*l + 4*l. Give a(-1).
-3
Let g(j) = 1 + 185*j + j**2 - 93*j - 90*j. Determine g(-2).
1
Suppose -5*f + 102 = -0*v + v, 0 = 4*f + 8. Let k(j) = -j + v - 112. Give k(-5).
5
Let v(c) = 6*c**3 - 1 - 3*c**2 - 2*c**3 + 2*c**2 + c. Let x = 11 - 10. Calculate v(x).
3
Let x = -5 - -10. Let p be (-2)/x + 336/(-60). Let a(n) = n**2 + 7*n. What is a(p)?
-6
Let k(w) = w + 3. Let x(u) = -1. Let b(z) = k(z) + x(z). What is b(5)?
7
Suppose 2*x - 10 = 4*x. Let w(q) = -4*q**3 - 8*q**2 - 2*q - 1. Let j(v) = -7*v**3 - 15*v**2 - 4*v - 3. Let f(p) = 3*j(p) - 5*w(p). Determine f(x).
6
Let h(t) = 1 + t**2 - 2*t**2 - 5 + 18*t - 22*t. What is h(-4)?
-4
Let t(z) = 8 - 9 + 0 + z. What is t(1)?
0
Suppose 2*z = 4*c - 0*z + 12, -2*c - 4*z = -14. Let v(q) be the second derivative of 0 - q**3 - 1/2*q**2 - 4*q. What is v(c)?
5
Suppose 15 = -6*i + i. Let x(d) = -7*d**2 - 5*d - 3. Let q(m) = 6*m**2 + 5*m + 3. Let v(o) = -5*q(o) - 4*x(o). Determine v(i).
-6
Suppose 0 = -y + 6*y. Let k(r) be the second derivative of -r**5/20 + r**3/6 - 7*r**2/2 - 41*r. Give k(y).
-7
Let z(h) = -4*h - 3. Let r(y) = y**2 + 5*y + 2. Let p be r(-4). Determine z(p).
5
Let f(q) = 11*q**3 + 6*q**2 - 4*q + 1. Let l(j) = -j**3 - j**2 + j. Let y = -11 + 10. Let s(i) = y*f(i) - 5*l(i). Give s(-1).
5
Let k(g) = g**3 + 5*g**2 - 4*g - 4. Suppose -o = -3 + 9. Determine k(o).
-16
Let k(y) = 3*y - 1. Let j(m) be the first derivative of -m**2 - m - 3. Let p be j(-1). Give k(p).
2
Let p(i) = -i**2 + 8*i - 3. Let c(b) = b + 20. Let t be c(-13). Calculate p(t).
4
Let b(s) = 7 - 11 + 2*s - s + 0*s. What is b(-5)?
-9
Suppose -y + 3*y = -2*w + 6, -5*w + 12 = 4*y. Let s(b) = b**3 + b**2 + 8. Give s(w).
8
Let f(b) = -1 + 0 - 5*b + 7*b. Let c(z) = 2*z. Let i be c(-1). What is f(i)?
-5
Let c(b) = b**2 - 6*b + 3. Let i(v) = 3*v - 3. Let l(t) = -t + 7. Let n be l(0). Let h be i(n). Suppose 3*f - 2*s + 0*s = h, 10 = f - 2*s. Give c(f).
-5
Let l(j) be the first derivative of -j**3/3 - 2*j**2 + 2. Suppose -m + 5*c + 20 = 0, m - c + 4 = -2*c. Suppose b - 5*p = m, p = 4 - 5. Calculate l(b).
-5
Suppose 0 = 5*a - a + g - 116, 4*a - 116 = 3*g. Suppose 0*o + o + a = 5*c, 5*o - 5 = -5*c. Let z(s) = 5*s**2 + c*s + s + 3 + 0*s + s**3 - 2*s. Give z(-4).
3
Suppose 5*f + 3 = 2*f, 0 = -3*i + 5*f + 53. Let l(j) = i - 4*j**3 - 2*j**2 + 3*j**2 - 6 - j + 3*j**3. Determine l(0).
10
Suppose -2*y = 4*r - 112, -4*y + r + 159 = -4*r. Suppose 3*g + 4*x + 30 = 5*g, -3*g + y = -5*x. Let v(m) =